 798?
True
Is 11 a factor of 57027115?
False
Does 4327 divide 324970681?
True
Is 192243342 a multiple of 74?
True
Is 299669292 a multiple of 1273?
True
Is 126922752 a multiple of 6?
True
Is 9852696 a multiple of 2422?
True
Is 6611164 a multiple of 172?
True
Is 39 a factor of 35418103?
False
Does 12 divide 2588172402?
False
Is 17529314 a multiple of 271?
False
Is 21278316 a multiple of 2?
True
Does 2747 divide 49541393?
False
Does 253 divide 1656187588?
True
Is 328724031 a multiple of 121?
False
Is 43 a factor of 467732281?
False
Does 5528 divide 137138624?
True
Is 18 a factor of 28098484?
False
Is 279 a factor of 6934970?
False
Is 42122224 a multiple of 118?
True
Is 26740892 a multiple of 276?
False
Is 40 a factor of 1409400068?
False
Is 1560894555 a multiple of 25?
False
Is 21469216 a multiple of 1954?
False
Does 3688 divide 1107594912?
True
Is 2245735340 a multiple of 33?
False
Is 10 a factor of 293092743?
False
Does 20 divide 168336700?
True
Is 12 a factor of 32338813?
False
Is 20 a factor of 300030959?
False
Is 57095406 a multiple of 91?
False
Is 2300508148 a multiple of 193?
False
Is 39 a factor of 49214646?
True
Does 1690 divide 1174188037?
False
Is 34 a factor of 19591848?
False
Is 1962 a factor of 621762169?
False
Is 427335370 a multiple of 385?
True
Is 2198 a factor of 3374149800?
True
Does 847 divide 86333016?
True
Is 157 a factor of 20678627?
True
Is 164632880 a multiple of 80?
True
Does 466 divide 938358104?
True
Does 8 divide 185549502?
False
Is 10 a factor of 328282615?
False
Is 62 a factor of 3351534?
True
Is 5353787 a multiple of 50?
False
Is 984691356 a multiple of 66?
True
Is 1166886 a multiple of 1134?
True
Is 324767468 a multiple of 460?
False
Does 23 divide 1350330161?
True
Is 107031988 a multiple of 54?
False
Does 110 divide 9145510?
True
Is 25 a factor of 37014676?
False
Is 1342 a factor of 224922523?
False
Does 14 divide 13640354?
True
Does 134 divide 36649134?
True
Does 3994 divide 322953536?
False
Does 253 divide 16495356?
False
Is 182656329 a multiple of 91?
False
Does 93 divide 16665495?
False
Is 146580650 a multiple of 50?
True
Does 8 divide 23758770?
False
Is 13665312 a multiple of 36?
True
Does 1357 divide 794686340?
True
Is 488 a factor of 88711560?
False
Is 276 a factor of 2167330650?
False
Is 4027980 a multiple of 204?
True
Is 89 a factor of 21969650?
True
Is 55 a factor of 634461355?
True
Does 4 divide 1234892172?
True
Is 1139361792 a multiple of 1536?
True
Is 39 a factor of 148846452?
False
Is 309499017 a multiple of 2679?
False
Is 156 a factor of 43699763?
False
Does 3632 divide 329658480?
True
Is 51457374 a multiple of 426?
False
Is 2546 a factor of 802495438?
False
Does 1522 divide 43294071?
False
Is 1694881 a multiple of 1234?
False
Does 3968 divide 58546345?
False
Is 90000040 a multiple of 17?
True
Is 42 a factor of 62690461?
False
Is 2075659544 a multiple of 2716?
True
Does 50 divide 121177272?
False
Does 29 divide 11058136?
False
Is 11 a factor of 142622364?
False
Is 34556820 a multiple of 19?
True
Does 711 divide 145995318?
True
Is 1695 a factor of 846677991?
False
Does 47 divide 278442313?
False
Is 11 a factor of 29798967?
True
Is 2774 a factor of 375838164?
True
Is 38547160 a multiple of 9?
False
Does 13 divide 72592715?
True
Is 358798662 a multiple of 657?
False
Is 5 a factor of 81682735?
True
Is 14 a factor of 14366558?
False
Does 206 divide 1171298078?
True
Is 43851660 a multiple of 73?
False
Is 101 a factor of 147334774?
False
Does 256 divide 30709715?
False
Does 13 divide 1871089610?
True
Is 73 a factor of 682796448?
True
Is 729 a factor of 22897890?
True
Does 542 divide 887724998?
True
Is 235369138 a multiple of 94?
True
Does 92 divide 180644484?
True
Is 2739 a factor of 91827714?
True
Is 5 a factor of 134350271?
False
Does 2046 divide 131771535?
False
Does 1032 divide 488450760?
True
Does 5513 divide 3686329511?
False
Is 2119525940 a multiple of 20?
True
Is 20 a factor of 139784200?
True
Does 348 divide 34188204?
False
Is 23552390 a multiple of 215?
True
Is 70 a factor of 112946820?
True
Does 130 divide 16682640?
True
Does 1275 divide 76491075?
True
Does 373 divide 24379653?
True
Is 242512138 a multiple of 34?
False
Does 374 divide 1394334084?
True
Is 20 a factor of 36499182?
False
Does 130 divide 12711671?
False
Does 1185 divide 509328405?
True
Does 27 divide 55860489?
True
Is 8 a factor of 26318913?
False
Does 540 divide 3550500?
True
Is 2261 a factor of 37060051?
True
Is 2296 a factor of 23954168?
True
Is 373 a factor of 30562480?
False
Is 128733155 a multiple of 95?
False
Is 4247320 a multiple of 2055?
False
Is 2800 a factor of 298678981?
False
Does 80 divide 27295920?
True
Is 1573504731 a multiple of 8139?
True
Does 9 divide 14355447?
False
Is 153953840 a multiple of 6238?
True
Is 389 a factor of 29834355?
True
Is 63997395 a multiple of 30?
False
Is 468394651 a multiple of 142?
False
Does 10601 divide 1315923332?
True
Does 44 divide 293057512?
True
Does 8 divide 78226696?
True
Does 1629 divide 17990676?
True
Is 206922996 a multiple of 2394?
True
Is 272 a factor of 26666336?
True
Is 798 a factor of 41883030?
True
Is 22 a factor of 12063241?
False
Is 2744021178 a multiple of 362?
True
Is 4958368 a multiple of 312?
False
Is 149 a factor of 10362503?
True
Is 262033096 a multiple of 116?
True
Does 802 divide 24386414?
True
Does 15 divide 6200845?
False
Does 586 divide 2780570?
True
Is 18108389 a multiple of 40?
False
Does 75 divide 172958860?
False
Does 677 divide 66684500?
True
Does 58 divide 5057586?
False
Is 1302622860 a multiple of 588?
True
Is 313 a factor of 15690466?
False
Is 45477898 a multiple of 703?
False
Is 36686468 a multiple of 1613?
False
Is 3155 a factor of 64834031?
False
Does 3866 divide 1306487638?
True
Does 81 divide 41539755?
False
Does 499 divide 1409225761?
False
Is 2592 a factor of 1669877739?
False
Is 57844734 a multiple of 70?
False
Is 198 a factor of 24526083?
False
Does 14 divide 19626908?
True
Is 7 a factor of 18525602?
False
Does 3100 divide 510946570?
False
Is 2599661681 a multiple of 15?
False
Is 22107138 a multiple of 17?
False
Does 224 divide 1464099392?
True
Is 200926390 a multiple of 322?
True
Is 81 a factor of 453736404?
True
Does 40 divide 257000?
True
Does 20 divide 3190680273?
False
Is 8 a factor of 9225248?
True
Is 24848296 a multiple of 451?
True
Does 22 divide 280551304?
True
Does 2 divide 15779607?
False
Does 24 divide 9614568?
True
Is 255 a factor of 60601470?
False
Does 975 divide 235373530?
False
Is 22 a factor of 49627182?
True
Is 19 a factor of 2965185434?
False
Does 7 divide 20763669?
False
Is 6031963912 a multiple of 83?
True
Is 1628030353 a multiple of 448?
False
Does 4 divide 64238052?
True
Is 8881 a factor of 7371244256?
False
Is 158788184 a multiple of 35?
False
Is 100 a factor of 37843933?
False
Is 2 a factor of 55804013?
False
Is 2167 a factor of 2074724806?
True
Is 2583762786 a multiple of 66?
True
Is 1117707921 a multiple of 3479?
False
Is 39697450 a multiple of 389?
True
Is 92 a factor of 95294869?
False
Does 1588 divide 540347707?
False
Is 48455380 a multiple of 630?
False
Is 37407489 a multiple of 500?
False
Is 2241659200 a multiple of 6700?
True
Is 30 a factor of 929144400?
True
Is 9634470 a multiple of 15?
True
Is 11 a factor of 593681972?
False
Does 177 divide 603563982?
True
Is 1368 a factor of 697145112?
True
Does 1920 divide 24284160?
True
Is 23339886 a multiple of 482?
True
Is 100600642 a multiple of 91?
False
Is 59429768 a multiple of 1354?
True
Is 33 a factor of 145186767?
True
Is 551207838 a multiple of 19?
False
Is 1152658503 a multiple of 47?
True
Is 305480545 a multiple of 205?
True
Does 15 divide 651537330?
True
Does 51 divide 25342142?
False
Is 47247215 a multiple of 48?
False
Is 86955258 a multiple of 13?
True
Is 571 a factor of 238678?
True
Is 5877915120 a multiple of 826?
True
Is 16658537 a multiple of 27?
False
Does 120 divide 207006299?
False
Is 3457253 a multiple of 62?
False
Is 21739715 a multiple of 31?
False
Is 59 a factor of 43107796?
False
Is 128 a factor of 1715968?
True
Does 22 divide 5419708?
False
Is 629 a factor of 725367203?
True
Is 311376559 a multiple of 13?
True
Does 2 divide 1414851?
False
Is 548825550 a multiple of 930?
True
Is 3 a factor of 3112209?
True
Is 12336995 a multiple of 14?
Fals